?
-b5a2
What is 477 (base 16) in base 6?
5143
Convert 11624 (base 7) to base 16.
bf0
What is -465 (base 7) in base 16?
-f3
-627 (base 16) to base 11
-1202
What is -24504 (base 6) in base 4?
-320320
3ae4 (base 16) to base 10
15076
-18804 (base 12) to base 6
-433204
What is 16363 (base 9) in base 7?
44520
Convert 92a (base 14) to base 6.
12202
What is 2b55 (base 15) in base 11?
6a9a
10101100100 (base 2) to base 15
620
Convert -250 (base 10) to base 2.
-11111010
What is -1503 (base 14) in base 8?
-7217
Convert -361 (base 10) to base 8.
-551
Convert -2014 (base 7) to base 4.
-22321
7c (base 16) to base 5
444
Convert 458 (base 10) to base 7.
1223
What is 1001100001100 (base 2) in base 8?
11414
-10220202101 (base 3) to base 14
-2014b
Convert -660 (base 8) to base 9.
-530
d9e (base 16) to base 11
268a
What is 9add (base 16) in base 15?
bb30
What is -3302001 (base 5) in base 2?
-1101110010110101
Convert 1763 (base 9) to base 12.
949
Convert -3463 (base 7) to base 2.
-10011110110
What is -bc15 (base 15) in base 2?
-1001101110100101
What is 111111110 (base 2) in base 3?
200220
What is -947 (base 14) in base 12?
-1083
-4321 (base 6) to base 10
-985
46561 (base 7) to base 12
6aba
What is 77 (base 8) in base 6?
143
-ef4d (base 16) to base 8
-167515
-300321 (base 4) to base 14
-11d7
What is 1b96 (base 15) in base 13?
295b
Convert -885 (base 9) to base 16.
-2d5
-11070 (base 11) to base 16
-3eb1
-12241 (base 9) to base 6
-102014
Convert -10010000000001 (base 2) to base 6.
-110401
Convert -26497 (base 10) to base 5.
-1321442
Convert -242b (base 13) to base 11.
-3923
49614 (base 10) to base 6
1021410
What is -2043 (base 8) in base 7?
-3042
Convert 2668 (base 14) to base 10.
6756
Convert -1251 (base 12) to base 10.
-2077
Convert -9 (base 14) to base 9.
-10
Convert -10631 (base 9) to base 8.
-15643
Convert -1112311 (base 5) to base 16.
-4cfa
Convert -10012121 (base 4) to base 2.
-100000110011001
What is bc2 (base 16) in base 9?
4114
What is 11601 (base 8) in base 10?
4993
Convert -23216 (base 9) to base 5.
-443421
What is 255515 (base 6) in base 7?
124640
Convert 1473 (base 8) to base 9.
1118
Convert 1dc (base 14) to base 9.
473
Convert -12230003 (base 4) to base 5.
-1334040
What is 10033320 (base 4) in base 12?
a0a0
What is -415 (base 14) in base 4?
-30203
Convert -1313230 (base 4) to base 8.
-16754
-522 (base 11) to base 15
-2be
What is -10601 (base 11) in base 12?
-8a88
Convert a63 (base 12) to base 16.
5eb
What is 1000100100110 (base 2) in base 9?
6017
-6056 (base 13) to base 2
-11001111000101
-320 (base 13) to base 2
-1000010101
Convert -134005 (base 7) to base 11.
-1808a
-17546 (base 8) to base 15
-25ad
-11100011 (base 2) to base 15
-102
-110021 (base 3) to base 13
-1c6
1844 (base 9) to base 11
1079
-10002123 (base 4) to base 5
-1012124
Convert -1a6 (base 16) to base 9.
-518
What is -2221230 (base 4) in base 13?
-4c35
Convert 48a (base 13) to base 15.
37a
24c (base 15) to base 6
2230
What is 2333 (base 4) in base 16?
bf
Convert -83c (base 16) to base 3.
-2220002
What is 29 (base 16) in base 3?
1112
-265 (base 9) to base 4
-3131
What is -533 (base 6) in base 13?
-126
What is -750 (base 11) in base 4?
-32012
-230 (base 16) to base 4
-20300
Convert -d (base 14) to base 3.
-111
What is -23301 (base 5) in base 6?
-11513
What is -7699 (base 11) in base 13?
-480b
What is 6750 (base 8) in base 13?
180b
What is -32213 (base 7) in base 9?
-11865
What is -10001101110000 (base 2) in base 11?
-68a8
Convert -112020 (base 5) to base 8.
-7652
What is 424442 (base 5) in base 15?
43d2
Convert -10333 (base 7) to base 4.
-220030
Convert -18490 (base 13) to base 11.
-32294
What is 1b51b (base 13) in base 6?
1052045
What is -130c (base 13) in base 5?
-41331
What is 2178 (base 9) in base 6?
11242
3382 (base 16) to base 12
776a
Convert -15262 (base 8) to base 10.
-6834
Convert 100021221 (base 3) to base 10.
6775
-439 (base 13) to base 8
-1324
What is 114144 (base 5) in base 7?
15351
Convert 1001110000 (base 2) to base 4.
21300
-1541 (base 10) to base 13
-917
Convert -853 (base 11) to base 5.
-13101
What is -3253 (base 6) in base 13?
-45c
What is 5740 (base 8) in base 16?
be0
What is 10220220 (base 3) in base 6?
21123
What is -71c (base 14) in base 11?
-1061
Convert 574 (base 10) to base 4.
20332
1102102 (base 3) to base 10
1037
902 (base 13) to base 7
4304
-793a (base 12) to base 16
-347e
Convert 78036 (base 9) to base 16.
ca50
What is 35776 (base 9) in base 4?
11312130
-20613 (base 7) to base 2
-1001111110010
What is 1102212 (base 3) in base 12?
735
What is 2140 (base 6) in base 4?
13230
Convert 5635 (base 12) to base 7.
36554
6d2 (base 14) to base 12
954
7937 (base 11) to base 12
6066
What is 9787 (base 10) in base 9?
14374
Convert 3230 (base 5) to base 11.
370
What is 22240 (base 6) in base 14?
11cc
-732 (base 9) to base 16
-254
d6e (base 15) to base 3
11011012
24335 (base 6) to base 15
10e2
What is 23c (base 16) in base 12?
3b8
Convert 11201011 (base 3) to base 14.
1373
-247 (base 8) to base 2
-10100111
10020102 (base 3) to base 5
33420
What is -177 (base 16) in base 12?
-273
Convert 21121 (base 5) to base 2.
10110000011
Convert 111010001111 (base 2) to base 13.
1909
What is -1858 (base 15) in base 5?
-132013
What is 10022112 (base 3) in base 2?
100101110001
Convert 89bb (base 13) to base 16.
4b33
100121202 (base 3) to base 10
7013
Convert 21133 (base 4) to base 16.
25f
Convert 3e4 (base 15) to base 11.
739
What is -135 (base 9) in base 15?
-78
10011111010010 (base 2) to base 10
10194
-21222122 (base 3) to base 10
-5822
-1502 (base 8) to base 9
-1126
What is -605 (base 12) in base 4?
-31211
Convert 51425 (base 9) to base 3.
1201110212
-18332 (base 9) to base 14
-4889
-161 (base 15) to base 9
-381
Convert 26979 (base 11) to base 13.
14662
2020323 (base 4) to base 15
28e3
ea8a (base 15) to base 8
140736
12302 (base 7) to base 16
ca4
Convert -8697 (base 11) to base 15.
-3605
What is -11011 (base 5) in base 13?
-462
-1110101111 (base 2) to base 15
-42d
-212001 (base 3) to base 11
-516
Convert -12556 (base 7) to base 8.
-6455
10413 (base 5) to base 16
2dd
Convert -1230313 (base 5) to base 7.
-126325
Convert -5925 (base 16) to base 11.
-16167
243 (base 10) to base 6
1043
What is 480 (base 11) in base 8?
1074
What is 320131 (base 4) in base 14?
1461
Convert -2422 (base 7) to base 2.
-1110000010
-10d6 (base 14) to base 7
-11356
-11110000 (base 2) to base 4
-3300
What is 211011 (base 3) in base 2?
1001010110
48 (base 15) to base 4
1010
What is 136735 (base 8) in base 5?
3023410
Convert -211222 (base 3) to base 8.
-1154
Convert -974 (base 11) to base 8.
-2222
What is -1bb (base 13) in base 14?
-191
Convert -c7c (base 13) to base 10.
-2131
What is -77368 (base 10) in base 13?
-292a5
What is 222 (base 13) in base 11?
303
What is -716 (base 11) in base 12?
-600
Convert 2530 (base 7) to base 6.
4224
1368 (base 12) to base 8
4300
Convert -1100000000011001 (base 2) to base 8.
-140031
Convert -101021 (base 4) to base 13.
-665
What is -5229 (base 12) in base 14?
-33a1
What is -1879 (base 11) in base 8?
-4521
Convert 349 (base 10) to base 4.
11131
-1011011 (base 2) to base 13
-70
36705 (base 9) to base 2
110000000110101
12321 (base 4) to base 9
540
What is -9b (base 12) in base 2?
-1110111
Convert 3237 (base 13) to base 16.
1b3f
What is 551 (base 12) in base 10?
781
6144 (base 8) to base 6
22404
What is 22011000 (base 3) in base 6?
43300
Convert 17b9 (base 12) to base 15.
cbc
Convert 70 (base 16) to base 14.
80
-301034 (base 5) to base 9
-14046
What is 35 (base 6) in base 4?
113
What is 2673 (base 9) in base 3?
2202110
What is -13665 (base 7) in base 8?
-7273
Convert -22584 (base 9) to base 10.
-15061
Convert -234324 (base 5) to base 6.
-104202
Convert 330141 (base 5) to base 15.
3531
Convert 20200 (base 11) to base 10.
29524
-42056 (base 7) to base 5
-312311
-257 (base 9) to base 10
-214
8d (base 14) to base 6
325
Convert -7356 (base 10) to base 6.
-54020
What is 1001000011001 (base 2) in base 7?
16336
Convert -300422 (base 5) to base 8.
-22417
4338 (base 12) to base 8
16334
Convert -45716 (base 8) to base 4.
-10233032
What is -206062 (base 7) in base 11?
-2491a
What is 16658 (base 10) in base 8?
40422
What is -11311302 (base 4) in base 13?
-ab72
Convert -c4 (base 13) to base 9.
-187
Conve